(-15).
42
Let v(b) = -b**2 - b - 4. What is v(0)?
-4
Let y(c) = c**2 - 19*c. Calculate y(19).
0
Let j(k) = -2*k**2 - k - 22. Calculate j(0).
-22
Let f(g) = 2*g**3 - 3*g**2 + g - 2. Calculate f(2).
4
Let c(a) = 2*a + 12. Give c(-8).
-4
Let p(x) = x**3 - 13*x**2 + 13*x - 17. Determine p(12).
-5
Let s(b) = -23*b**3 + b**2 + 6*b + 5. Give s(-1).
23
Let y(w) = -w**3 - 23*w**2 - 9*w - 200. What is y(-23)?
7
Let t(w) = -w**3 + 15*w**2 + 32*w + 37. Give t(17).
3
Let n(q) = -4*q + 22. Calculate n(-24).
118
Let v(y) = -y**2 + 5. Determine v(-5).
-20
Let h(y) = -87*y - 454. Give h(-5).
-19
Let h(d) = -d**3 + d**2 - 1. Calculate h(-2).
11
Let b(m) = 8*m + 110. What is b(-11)?
22
Let c(s) = -s**3 - 9*s**2 - 31*s - 286. Calculate c(-9).
-7
Let j(l) = -l**3 + 14*l**2 - 8*l - 63. Calculate j(13).
2
Let d(p) = p**3 - 11*p**2 + 21*p - 44. Determine d(9).
-17
Let l(p) = -p**2 + 2*p + 5. Calculate l(3).
2
Let l(i) = i**3 + 20*i**2 + 19*i + 12. Determine l(-19).
12
Let r(w) = -5*w**2 - 5*w + 5. What is r(0)?
5
Let n(u) = -22*u**3 - 2*u**2 - 2. What is n(2)?
-186
Let x(c) = c**3 + 3*c**2 + 2*c + 1. Calculate x(-3).
-5
Let a(r) = -3*r + 95. Give a(33).
-4
Let j(i) = i**3 + 18*i**2 + 33*i + 16. Give j(-16).
0
Let c(a) = a**3 + 9*a**2 + 2*a - 6. Calculate c(-5).
84
Let u(q) = q**3 + 27*q**2 + 72*q - 17. What is u(-24)?
-17
Let p(y) = -y**3 - 6*y**2 + 3*y + 6. Calculate p(-6).
-12
Let m(w) = -w**3 - 5*w**2 + 3*w + 19. Determine m(-5).
4
Let g(b) = b**3 + 18*b**2 + 17*b - 3. Determine g(-17).
-3
Let j(p) = p**2 - 15*p - 11. What is j(15)?
-11
Let f(p) = -2*p**3 + 2*p**2 + p - 6. Determine f(0).
-6
Let i(l) = 12*l + 3. Calculate i(6).
75
Let b(y) = -16*y - 11. Determine b(0).
-11
Let b(m) = m**3 - 2*m**2 - m - 1. Calculate b(-2).
-15
Let k(d) = d**3 - 19*d**2 - 23*d + 65. What is k(20)?
5
Let m(i) = i**2 - 10*i + 12. Give m(9).
3
Let k(j) = j**2 + 7*j + 1. What is k(-7)?
1
Let s(i) = -i**3 - 25*i**2 - 2*i - 44. Calculate s(-25).
6
Let x(b) = b**2 + 28*b + 93. What is x(-24)?
-3
Let l(k) = k**2 - 11*k + 5. Determine l(11).
5
Let j(f) = 2*f**2 + 18*f + 31. Calculate j(-6).
-5
Let s(z) = -44*z + 129. What is s(3)?
-3
Let f(k) = k**2 - 25*k + 4. What is f(20)?
-96
Let r(k) = -k**3 - 6*k**2 - 3*k - 6. Give r(-5).
-16
Let z(d) = 9*d**3 - 3*d + 2. Calculate z(-3).
-232
Let r(q) = q**3 + 13*q**2 - 16. Determine r(-13).
-16
Let x(z) = -2*z**2 + z - 70. What is x(0)?
-70
Let z(o) = -o**2 - 61*o + 399. Calculate z(-67).
-3
Let o(y) = y**2 - 6*y + 3. Determine o(0).
3
Let v(w) = -2*w + 31. Give v(42).
-53
Let f(r) = -r**3 - r**2 + 4*r + 9. Give f(-2).
5
Let h(m) = m**3 - 9*m**2 + 20*m - 8. What is h(6)?
4
Let w(k) = -7*k - 76. Determine w(-11).
1
Let b(o) = 19*o**2 - 2*o + 1. What is b(1)?
18
Let h(i) = i**3 + 9*i**2 - 11*i - 2. Determine h(-10).
8
Let o(y) = -y**2 - 14*y + 21. Determine o(-15).
6
Let j(i) = -59*i**2 + 1. Determine j(1).
-58
Let m(s) = -s**2 - 3*s + 3. What is m(-3)?
3
Let x(u) = 3*u - 4. Calculate x(6).
14
Let r(b) = b**3 - 10*b**2 + 7*b + 32. Give r(9).
14
Let a(h) = -h + 26. Give a(22).
4
Let k(y) = -7*y - 128. What is k(-20)?
12
Let w(v) = 18*v**2 + v + 1. What is w(-2)?
71
Let t(u) = -4*u + 34. Give t(8).
2
Let k(v) = -v**3 - 7*v**2 - 2*v + 5. Give k(-7).
19
Let j(o) = -5*o - 10. Give j(-5).
15
Let w(z) = -4*z**2 - z. Calculate w(-2).
-14
Let r(g) = -g**3 + 22*g**2 - 17*g - 79. Calculate r(21).
5
Let l(z) = -2*z**2 - 6*z + 5. Calculate l(-6).
-31
Let u(b) = 8*b + 2. Give u(1).
10
Let o(y) = -6*y + 79. Calculate o(15).
-11
Let h(f) = f - 1. What is h(-18)?
-19
Let d(m) = 2*m**3 - 2*m**2 - 3*m + 3. Give d(2).
5
Let o(t) = 9*t + 86. Give o(-6).
32
Let w(r) = r**2 + 2*r + 48. Calculate w(0).
48
Let f(j) = 3*j - 15. Calculate f(8).
9
Let r(l) = l**3 - 8*l**2 + 4*l + 3. What is r(7)?
-18
Let a(r) = -r + 12. What is a(5)?
7
Let p(u) = u**3 + 11*u**2 - 10*u + 29. Determine p(-12).
5
Let c(t) = -t - 77. Calculate c(0).
-77
Let l(t) = -6*t - 6. Calculate l(-4).
18
Let g(i) = -i**2 + 5*i - 10. Give g(5).
-10
Let t(y) = -y**2 + 28*y - 55. Give t(26).
-3
Let i(k) = 2*k**3 - 2*k**2 + 5*k - 13. What is i(4)?
103
Let y(p) = -p**3 + p**2 - 5*p - 3. Give y(0).
-3
Let d(x) = -x**2 + 24*x + 29. Give d(25).
4
Let l(i) = i**2 - 1. Give l(-2).
3
Let l(v) = -13*v - 352. What is l(-29)?
25
Let z(y) = -5*y - 10. Calculate z(2).
-20
Let x(w) = 3*w**2 - 3*w + 4. Calculate x(2).
10
Let u(x) = 2*x**2 - 17*x - 59. Give u(11).
-4
Let a(g) = g**3 + 12*g**2 - 9*g + 6. Calculate a(-13).
-46
Let g(s) = s**2 - 20*s - 64. Give g(23).
5
Let k(c) = c**3 - 17*c**2 + 6*c - 15. Calculate k(17).
87
Let q(t) = -6*t**3 - 2*t**2 + 2*t. Calculate q(-2).
36
Let m(q) = 2*q**3 + q**2 + 2. What is m(2)?
22
Let u(f) = -3*f**2 + 5*f - 9. What is u(2)?
-11
Let n(u) = 5*u**2 + u + 6. What is n(-4)?
82
Let n(b) = -b**3 - 19*b**2 + 20*b - 16. Determine n(-20).
-16
Let q(c) = c**3 - 7*c**2 + 4*c. What is q(3)?
-24
Let f(r) = 6*r**2 + r. Give f(-2).
22
Let q(d) = 3*d + 68. Give q(-18).
14
Let y(v) = -25*v - 65. Calculate y(-8).
135
Let w(d) = -d**3 + 26*d**2 - 26*d + 20. What is w(25)?
-5
Let i(y) = -y**2 + 13*y + 35. Calculate i(17).
-33
Let t(n) = -6*n + 7. Calculate t(5).
-23
Let o(t) = -12*t + 84. Determine o(7).
0
Let v(a) = a - 2. What is v(6)?
4
Let v(b) = -b - 25. What is v(-12)?
-13
Let q(c) = -c**2 + 4*c - 8. Determine q(0).
-8
Let i(w) = 2*w**3 - 11*w**2 + 3*w + 2. Determine i(5).
-8
Let m(k) = -3*k + 49. Determine m(13).
10
Let v(z) = z**2 + 26*z + 115. Give v(-21).
10
Let u(t) = -t**2 - 16*t - 18. What is u(-16)?
-18
Let u(w) = w**3 + 9*w**2 - 14*w - 13. What is u(-10)?
27
Let m(g) = 186*g - 192. What is m(1)?
-6
Let m(h) = 13*h - 6. What is m(5)?
59
Let p(c) = -7*c - 21. What is p(-4)?
7
Let y(o) = -o**3 - 7*o**2 - 8*o - 3. Give y(-6).
9
Let v(k) = -k**3 - 5*k**2 + 4*k - 2. Determine v(-5).
-22
Let v(y) = -6*y - 1. What is v(-8)?
47
Let g(c) = 2*c**2 + 11*c + 2. Determine g(-6).
8
Let w(r) = r**2 + 17*r - 3. What is w(-7)?
-73
Let k(d) = 2*d**3 - d**2 + 1. What is k(-1)?
-2
Let s(y) = -9*y + 68. What is s(7)?
5
Let x(p) = -3*p + 78. Calculate x(27).
-3
Let w(c) = 2*c - 4. Determine w(-5).
-14
Let q(r) = -r**3 + 5*r**2 - 2*r - 9. What is q(4)?
-1
Let f(a) = -a + 11. Give f(9).
2
Let o(g) = g**3 - 5*g**2 - g - 9. Give o(4).
-29
Let p(u) = u**3 - 2*u**2 - 4*u + 14. Give p(2).
6
Let d(l) = -2*l**2 + 20*l - 47. Determine d(5).
3
Let w(h) = 4*h**2 - 3. Give w(-3).
33
Let f(d) = d - 5. Calculate f(6).
1
Let g(j) = -5*j + 2. What is g(-9)?
47
Let x(g) = -g**2 - 16*g + 5. Calculate x(-12).
53
Let x(p) = p**3 + p**2 - 24*p - 17. Determine x(-5).
3
Let s(b) = b**2 - 2*b - 24. Give s(5).
-9
Let p(s) = -s**3 - 29*s**2 - 24*s + 107. Give p(-28).
-5
Let y(w) = w**3 + 7*w**2 - 3*w - 4. Determine y(-6).
50
Let m(f) = -f**3 - 16*f**2 - 14*f + 26. Give m(-15).
11
Let d(t) = t + 1. Calculate d(-11).
-10
Let z(k) = -k**2 - 14*k - 19. Determine z(-13).
-6
Let k(r) = -r**3 + 27*r**2 + 29*r - 43. Give k(28).
-15
Let j(g) = -3*g**2 - 2*g + 3. Determine j(4).
-53
Let o(l) = -l**3 - 13*l**2 - 5*l - 58. Calculate o(-13).
7
Let k(t) = t**2 - 13*t + 9. Give k(13).
9
Let b(y) = -y**3 - 25*y**2 - 14. Calculate b(-25).
-14
Let n(y) = 2*y**2 + 47*y + 27. Give n(-23).
4
Let m(j) = 9*j**2 - 5*j + 11. Determine m(2).
37
Let n(d) = 2*d - 27. Give n(8).
-11
Let n(t) = t**3 - 2*t**2 - 3*t - 4. Give n(-2).
-14
Let r(n) = n**3 + 14*n**2 - 31*n + 12. Give r(-16).
-4
Let k(q) = -2*q**2 + 3*q - 2. Give k(2).
-4
Let a(j) = -2*j - 29. Determine a(-8).
-13
Let g(c) = 2*c**2 - 19*c - 20. Determine g(10).
-10
Let s(k) = k**3 - 13*k**2 - 3*k + 29. Determine s(13).
-10
Let k(d) = 2*d**2 - 14*d + 1. Calculate k(7).
1
Let s(p) = -p**2 - 17*p + 9. What is s(-18)?
-9
Let k(t) = t**2 - 13*t + 4. Calculate k(10).
-26
Let a(n) = 3*n**2 + 6*n - 12. Calculate a(4).
60
Let w(a) = -2*a**2 + 5*a + 9. What is w(11)?
-178
Let w(i) = -i**3 - 4*i**2 + 15*i + 19. Give w(-6).
1
Let g(b) = -b**3 + 11*b**2 - 9*b + 10. Give g(10).
20
Let m(i) = i**2 + 4*i - 33. Calculate m(3).
-12
Let s(n) = n**2 + 4*n - 1. Determine s(-3).
-4
Let f(k) = 63*k + 313. Calculate f(-5).
-2
Let t(q) = -q**3 - 8*q**2 - 4*q + 11. Give t(-7).
-10
Let a(q) = 16*q**3 - q - 1. Determine a(-1).
-16
Let z(x) = -13*x**2. Calculate z(-1).
-13
Let f(w) = w + 3. Calculate f(15).
18
Let w(p) = 11*p + 12. Ca